{"id":6044,"date":"2015-04-26T20:14:07","date_gmt":"2015-04-26T18:14:07","guid":{"rendered":"http:\/\/www.pluriel.it\/medical\/?page_id=6044"},"modified":"2025-11-18T11:31:44","modified_gmt":"2025-11-18T10:31:44","slug":"presentazione","status":"publish","type":"page","link":"https:\/\/www.tracarte.it\/?page_id=6044","title":{"rendered":"Presentazione"},"content":{"rendered":"<p>&nbsp;<\/p>\n<p class=\"p1\"><strong>Un bene comune da custodire,condividere e tramandare<\/strong><\/p>\n<p class=\"p1\">La mostra TraCarte, giunta quest\u2019anno alla sua nona edizione, rappresenta uno degli appuntamenti pi\u00f9 significativi del panorama artistico contemporaneo che la Fondazione dei Monti Uniti di Foggia organizza con convinzione ed entusiasmo. Dalla sua nascita nel 2005, la rassegna ha saputo evolversi da iniziativa di nicchia a vero e proprio punto di riferimento per artisti e appassionati della paper art, della fiber art e del libro d\u2019artista, coinvolgendo nel tempo centinaia di autori provenienti da ogni parte del mondo.<\/p>\n<p>La Fondazione conferma, anche attraverso questo progetto, il proprio impegno costante nella promozione e nella diffusione della cultura e dell\u2019arte sul territorio, valorizzando non solo le forme espressive pi\u00f9 tradizionali, ma anche le ricerche contemporanee pi\u00f9 innovative e sperimentali. TraCarte si propone inoltre di mettere in contatto la citt\u00e0 con i linguaggi dell\u2019arte che si parlano nel mondo, creando occasioni di confronto tra esperienze internazionali e talenti locali, e contribuendo cos\u00ec a un dialogo artistico e culturale sempre pi\u00f9 aperto e vitale. La manipolazione della carta, nelle sue molteplici declinazioni artistiche, \u00e8 espressione di sapienza tecnica, creativit\u00e0 e sensibilit\u00e0 materica, ed \u00e8 capace di offrire al pubblico nuove prospettive di riflessione e di emozione.<\/p>\n<p class=\"p1\">Recentemente, con l\u2019obiettivo di consolidare e rendere pi\u00f9 sistematica la documentazione su questo importante filone artistico, la Fondazione ha istituito all\u2019interno della propria biblioteca un Fondo speciale dedicato alla paper art, nel quale vengono raccolti, catalogati e resi fruibili tutti i materiali, i cataloghi, i libri e le pubblicazioni realizzati in questi ultimi vent\u2019anni.<\/p>\n<p>Un patrimonio che cresce di anno in anno, a testimonianza di un impegno culturale che guarda al futuro, radicato nella convinzione che l\u2019arte \u2013 in tutte le sue forme \u2013 sia un bene comune da custodire, condividere e tramandare.<\/p>\n<p><strong>Filippo Santigliano<\/strong><em><br \/>\nPresidente della Fondazione Monti Uniti di Foggia<\/em><\/p>\n","protected":false},"excerpt":{"rendered":"<p>&nbsp; Un bene comune da custodire,condividere e tramandare La mostra TraCarte, giunta quest\u2019anno alla sua nona edizione, rappresenta uno degli appuntamenti pi\u00f9 significativi del [&hellip;]<\/p>\n","protected":false},"author":1,"featured_media":0,"parent":0,"menu_order":0,"comment_status":"closed","ping_status":"closed","template":"","meta":{"footnotes":""},"class_list":["post-6044","page","type-page","status-publish","hentry"],"_links":{"self":[{"href":"https:\/\/www.tracarte.it\/index.php?rest_route=\/wp\/v2\/pages\/6044","targetHints":{"allow":["GET"]}}],"collection":[{"href":"https:\/\/www.tracarte.it\/index.php?rest_route=\/wp\/v2\/pages"}],"about":[{"href":"https:\/\/www.tracarte.it\/index.php?rest_route=\/wp\/v2\/types\/page"}],"author":[{"embeddable":true,"href":"https:\/\/www.tracarte.it\/index.php?rest_route=\/wp\/v2\/users\/1"}],"replies":[{"embeddable":true,"href":"https:\/\/www.tracarte.it\/index.php?rest_route=%2Fwp%2Fv2%2Fcomments&post=6044"}],"version-history":[{"count":11,"href":"https:\/\/www.tracarte.it\/index.php?rest_route=\/wp\/v2\/pages\/6044\/revisions"}],"predecessor-version":[{"id":7822,"href":"https:\/\/www.tracarte.it\/index.php?rest_route=\/wp\/v2\/pages\/6044\/revisions\/7822"}],"wp:attachment":[{"href":"https:\/\/www.tracarte.it\/index.php?rest_route=%2Fwp%2Fv2%2Fmedia&parent=6044"}],"curies":[{"name":"wp","href":"https:\/\/api.w.org\/{rel}","templated":true}]}}

<p>&nbsp;</p>
<p class="p1"><strong>Un bene comune da custodire,condividere e tramandare</strong></p>
<p class="p1">La mostra TraCarte, giunta quest’anno alla sua nona edizione, rappresenta uno degli appuntamenti più significativi del panorama artistico contemporaneo che la Fondazione dei Monti Uniti di Foggia organizza con convinzione ed entusiasmo. Dalla sua nascita nel 2005, la rassegna ha saputo evolversi da iniziativa di nicchia a vero e proprio punto di riferimento per artisti e appassionati della paper art, della fiber art e del libro d’artista, coinvolgendo nel tempo centinaia di autori provenienti da ogni parte del mondo.</p>
<p>La Fondazione conferma, anche attraverso questo progetto, il proprio impegno costante nella promozione e nella diffusione della cultura e dell’arte sul territorio, valorizzando non solo le forme espressive più tradizionali, ma anche le ricerche contemporanee più innovative e sperimentali. TraCarte si propone inoltre di mettere in contatto la città con i linguaggi dell’arte che si parlano nel mondo, creando occasioni di confronto tra esperienze internazionali e talenti locali, e contribuendo così a un dialogo artistico e culturale sempre più aperto e vitale. La manipolazione della carta, nelle sue molteplici declinazioni artistiche, è espressione di sapienza tecnica, creatività e sensibilità materica, ed è capace di offrire al pubblico nuove prospettive di riflessione e di emozione.</p>
<p class="p1">Recentemente, con l’obiettivo di consolidare e rendere più sistematica la documentazione su questo importante filone artistico, la Fondazione ha istituito all’interno della propria biblioteca un Fondo speciale dedicato alla paper art, nel quale vengono raccolti, catalogati e resi fruibili tutti i materiali, i cataloghi, i libri e le pubblicazioni realizzati in questi ultimi vent’anni.</p>
<p>Un patrimonio che cresce di anno in anno, a testimonianza di un impegno culturale che guarda al futuro, radicato nella convinzione che l’arte – in tutte le sue forme – sia un bene comune da custodire, condividere e tramandare.</p>
<p><strong>Filippo Santigliano</strong><em><br />
Presidente della Fondazione Monti Uniti di Foggia</em></p>

<p>&nbsp; Un bene comune da custodire,condividere e tramandare La mostra TraCarte, giunta quest’anno alla sua nona edizione, rappresenta uno degli appuntamenti più significativi del [&hellip;]</p>
